[INFO] fetching crate screenruster-saver-fractal 0.1.1...
[INFO] checking screenruster-saver-fractal-0.1.1 against master#cfbc6d4cf1acbac5c025acf8ed68929caa551df3 for pr-75494-beta
[INFO] extracting crate screenruster-saver-fractal 0.1.1 into /workspace/builds/worker-1/source
[INFO] validating manifest of crates.io crate screenruster-saver-fractal 0.1.1 on toolchain cfbc6d4cf1acbac5c025acf8ed68929caa551df3
[INFO] running `Command { std: "/workspace/cargo-home/bin/cargo" "+cfbc6d4cf1acbac5c025acf8ed68929caa551df3" "read-manifest" "--manifest-path" "Cargo.toml", kill_on_drop: false }`
[INFO] started tweaking crates.io crate screenruster-saver-fractal 0.1.1
[INFO] finished tweaking crates.io crate screenruster-saver-fractal 0.1.1
[INFO] tweaked toml for crates.io crate screenruster-saver-fractal 0.1.1 written to /workspace/builds/worker-1/source/Cargo.toml
[INFO] running `Command { std: "/workspace/cargo-home/bin/cargo" "+cfbc6d4cf1acbac5c025acf8ed68929caa551df3" "generate-lockfile" "--manifest-path" "Cargo.toml" "-Zno-index-update", kill_on_drop: false }`
[INFO] running `Command { std: "/workspace/cargo-home/bin/cargo" "+cfbc6d4cf1acbac5c025acf8ed68929caa551df3" "fetch" "--locked" "--manifest-path" "Cargo.toml", kill_on_drop: false }`
[INFO] [stderr]  Downloading crates ...
[INFO] [stderr]   Downloaded screenruster-saver v0.1.8
[INFO] [stderr]   Downloaded meval v0.0.9
[INFO] running `Command { std: "docker" "create" "-v" "/var/lib/crater-agent-workspace/builds/worker-1/target:/opt/rustwide/target:rw,Z" "-v" "/var/lib/crater-agent-workspace/builds/worker-1/source:/opt/rustwide/workdir:ro,Z" "-v" "/var/lib/crater-agent-workspace/cargo-home:/opt/rustwide/cargo-home:ro,Z" "-v" "/var/lib/crater-agent-workspace/rustup-home:/opt/rustwide/rustup-home:ro,Z" "-e" "SOURCE_DIR=/opt/rustwide/workdir" "-e" "CARGO_TARGET_DIR=/opt/rustwide/target" "-e" "CARGO_HOME=/opt/rustwide/cargo-home" "-e" "RUSTUP_HOME=/opt/rustwide/rustup-home" "-w" "/opt/rustwide/workdir" "-m" "1610612736" "--user" "0:0" "--network" "none" "rustops/crates-build-env@sha256:a636fd89d022f18117e1dc8fb37a0a009933cdbbe082814857f0e2024962d47c" "/opt/rustwide/cargo-home/bin/cargo" "+cfbc6d4cf1acbac5c025acf8ed68929caa551df3" "metadata" "--no-deps" "--format-version=1", kill_on_drop: false }`
[INFO] [stdout] 0870c42b9fbe72cca83293b31c26a95a24678f01a1c62be0c05b0b370664f85b
[INFO] [stderr] WARNING: Your kernel does not support swap limit capabilities or the cgroup is not mounted. Memory limited without swap.
[INFO] running `Command { std: "docker" "start" "-a" "0870c42b9fbe72cca83293b31c26a95a24678f01a1c62be0c05b0b370664f85b", kill_on_drop: false }`
[INFO] running `Command { std: "docker" "inspect" "0870c42b9fbe72cca83293b31c26a95a24678f01a1c62be0c05b0b370664f85b", kill_on_drop: false }`
[INFO] running `Command { std: "docker" "rm" "-f" "0870c42b9fbe72cca83293b31c26a95a24678f01a1c62be0c05b0b370664f85b", kill_on_drop: false }`
[INFO] [stdout] 0870c42b9fbe72cca83293b31c26a95a24678f01a1c62be0c05b0b370664f85b
[INFO] running `Command { std: "docker" "create" "-v" "/var/lib/crater-agent-workspace/builds/worker-1/target:/opt/rustwide/target:rw,Z" "-v" "/var/lib/crater-agent-workspace/builds/worker-1/source:/opt/rustwide/workdir:ro,Z" "-v" "/var/lib/crater-agent-workspace/cargo-home:/opt/rustwide/cargo-home:ro,Z" "-v" "/var/lib/crater-agent-workspace/rustup-home:/opt/rustwide/rustup-home:ro,Z" "-e" "SOURCE_DIR=/opt/rustwide/workdir" "-e" "CARGO_TARGET_DIR=/opt/rustwide/target" "-e" "CARGO_INCREMENTAL=0" "-e" "RUST_BACKTRACE=full" "-e" "RUSTFLAGS=--cap-lints=forbid" "-e" "CARGO_HOME=/opt/rustwide/cargo-home" "-e" "RUSTUP_HOME=/opt/rustwide/rustup-home" "-w" "/opt/rustwide/workdir" "-m" "1610612736" "--user" "0:0" "--network" "none" "rustops/crates-build-env@sha256:a636fd89d022f18117e1dc8fb37a0a009933cdbbe082814857f0e2024962d47c" "/opt/rustwide/cargo-home/bin/cargo" "+cfbc6d4cf1acbac5c025acf8ed68929caa551df3" "check" "--frozen" "--all" "--all-targets" "--message-format=json", kill_on_drop: false }`
[INFO] [stdout] 0f9cf31fd5a864126278a97e4a0be5087935da8f7e2a0a6e2801de3151c55cff
[INFO] [stderr] WARNING: Your kernel does not support swap limit capabilities or the cgroup is not mounted. Memory limited without swap.
[INFO] running `Command { std: "docker" "start" "-a" "0f9cf31fd5a864126278a97e4a0be5087935da8f7e2a0a6e2801de3151c55cff", kill_on_drop: false }`
[INFO] [stderr]     Blocking waiting for file lock on package cache
[INFO] [stderr]    Compiling autocfg v1.0.1
[INFO] [stderr]     Checking cfg-if v0.1.10
[INFO] [stderr]    Compiling autocfg v0.1.7
[INFO] [stderr]     Checking lazy_static v1.4.0
[INFO] [stderr]    Compiling rayon-core v1.7.1
[INFO] [stderr]    Compiling memchr v2.3.3
[INFO] [stderr]    Compiling khronos_api v1.0.1
[INFO] [stderr]     Checking adler32 v1.2.0
[INFO] [stderr]     Checking either v1.6.0
[INFO] [stderr]    Compiling regex v0.2.11
[INFO] [stderr]     Checking lzw v0.10.0
[INFO] [stderr]     Checking siphasher v0.2.3
[INFO] [stderr]     Checking bitflags v0.7.0
[INFO] [stderr]     Checking inflate v0.1.1
[INFO] [stderr]     Checking color_quant v1.0.1
[INFO] [stderr]     Checking scoped_threadpool v0.1.9
[INFO] [stderr]     Checking smallvec v0.1.8
[INFO] [stderr]     Checking nom v1.2.4
[INFO] [stderr]     Checking json v0.11.15
[INFO] [stderr]    Compiling xml-rs v0.6.1
[INFO] [stderr]    Compiling backtrace-sys v0.1.37
[INFO] [stderr]    Compiling x11 v2.18.2
[INFO] [stderr]     Checking thread_local v0.3.6
[INFO] [stderr]    Compiling log v0.4.11
[INFO] [stderr]    Compiling libc v0.2.76
[INFO] [stderr]     Checking gif v0.9.2
[INFO] [stderr]     Checking phf_shared v0.7.24
[INFO] [stderr]     Checking deflate v0.7.20
[INFO] [stderr]     Checking rand v0.4.6
[INFO] [stderr]     Checking phf v0.7.24
[INFO] [stderr]     Checking log v0.3.9
[INFO] [stderr]     Checking meval v0.0.9
[INFO] [stderr]    Compiling rand_pcg v0.1.2
[INFO] [stderr]    Compiling rand_chacha v0.1.1
[INFO] [stderr]    Compiling rand v0.6.5
[INFO] [stderr]    Compiling num-traits v0.2.12
[INFO] [stderr]    Compiling num-integer v0.1.43
[INFO] [stderr]    Compiling crossbeam-utils v0.7.2
[INFO] [stderr]    Compiling memoffset v0.5.5
[INFO] [stderr]    Compiling crossbeam-epoch v0.8.2
[INFO] [stderr]    Compiling num-iter v0.1.41
[INFO] [stderr]    Compiling rayon v1.3.1
[INFO] [stderr]     Checking aho-corasick v0.6.10
[INFO] [stderr]    Compiling gl_generator v0.5.5
[INFO] [stderr]     Checking rand v0.3.23
[INFO] [stderr]    Compiling rand_os v0.1.3
[INFO] [stderr]     Checking backtrace v0.2.3
[INFO] [stderr]     Checking crossbeam-queue v0.2.3
[INFO] [stderr]     Checking crossbeam-deque v0.7.3
[INFO] [stderr]    Compiling glium v0.16.0
[INFO] [stderr]     Checking num-traits v0.1.43
[INFO] [stderr]     Checking num-complex v0.1.43
[INFO] [stderr]     Checking env_logger v0.4.3
[INFO] [stderr]     Checking enum_primitive v0.1.1
[INFO] [stderr]    Compiling phf_generator v0.7.24
[INFO] [stderr]    Compiling phf_codegen v0.7.24
[INFO] [stderr]    Compiling palette v0.2.1
[INFO] [stderr]     Checking num-bigint v0.1.44
[INFO] [stderr]     Checking png v0.6.2
[INFO] [stderr]     Checking num-rational v0.1.42
[INFO] [stderr]     Checking num v0.1.42
[INFO] [stderr]     Checking jpeg-decoder v0.1.20
[INFO] [stderr]     Checking image v0.12.4
[INFO] [stderr]     Checking screenruster-saver v0.1.8
[INFO] [stdout] error[E0557]: feature has been removed
[INFO] [stdout]   --> /opt/rustwide/cargo-home/registry/src/github.com-1ecc6299db9ec823/screenruster-saver-0.1.8/src/lib.rs:15:12
[INFO] [stdout]    |
[INFO] [stdout] 15 | #![feature(macro_reexport, type_ascription)]
[INFO] [stdout]    |            ^^^^^^^^^^^^^^ feature has been removed
[INFO] [stdout]    |
[INFO] [stdout]    = note: subsumed by `pub use`
[INFO] [stdout] 
[INFO] [stdout] 
[INFO] [stdout] error: cannot find attribute `macro_reexport` in this scope
[INFO] [stdout]   --> /opt/rustwide/cargo-home/registry/src/github.com-1ecc6299db9ec823/screenruster-saver-0.1.8/src/lib.rs:19:3
[INFO] [stdout]    |
[INFO] [stdout] 19 | #[macro_reexport(debug, error, info, log, log_enabled, trace, warn)]
[INFO] [stdout]    |   ^^^^^^^^^^^^^^ help: a built-in attribute with a similar name exists: `macro_export`
[INFO] [stdout] 
[INFO] [stdout] 
[INFO] [stdout] error: cannot find attribute `macro_reexport` in this scope
[INFO] [stdout]   --> /opt/rustwide/cargo-home/registry/src/github.com-1ecc6299db9ec823/screenruster-saver-0.1.8/src/lib.rs:26:3
[INFO] [stdout]    |
[INFO] [stdout] 26 | #[macro_reexport(object, array)]
[INFO] [stdout]    |   ^^^^^^^^^^^^^^ help: a built-in attribute with a similar name exists: `macro_export`
[INFO] [stdout] 
[INFO] [stdout] 
[INFO] [stdout] error: cannot find attribute `macro_reexport` in this scope
[INFO] [stdout]   --> /opt/rustwide/cargo-home/registry/src/github.com-1ecc6299db9ec823/screenruster-saver-0.1.8/src/lib.rs:36:34
[INFO] [stdout]    |
[INFO] [stdout] 36 | #[cfg_attr(feature = "renderer", macro_reexport(implement_vertex, program, uniform))]
[INFO] [stdout]    |                                  ^^^^^^^^^^^^^^ help: a built-in attribute with a similar name exists: `macro_export`
[INFO] [stdout] 
[INFO] [stdout] 
[INFO] [stdout] error: cannot find macro `select` in this scope
[INFO] [stdout]    --> /opt/rustwide/cargo-home/registry/src/github.com-1ecc6299db9ec823/screenruster-saver-0.1.8/src/lib.rs:141:3
[INFO] [stdout]     |
[INFO] [stdout] 141 |         select! {
[INFO] [stdout]     |         ^^^^^^
[INFO] [stdout] 
[INFO] [stdout] 
[INFO] [stdout] error[E0554]: `#![feature]` may not be used on the beta release channel
[INFO] [stdout]   --> /opt/rustwide/cargo-home/registry/src/github.com-1ecc6299db9ec823/screenruster-saver-0.1.8/src/lib.rs:15:1
[INFO] [stdout]    |
[INFO] [stdout] 15 | #![feature(macro_reexport, type_ascription)]
[INFO] [stdout]    | ^^^^^^^^^^^^^^^^^^^^^^^^^^^^^^^^^^^^^^^^^^^^
[INFO] [stdout] 
[INFO] [stdout] 
[INFO] [stdout] error[E0554]: `#![feature]` may not be used on the beta release channel
[INFO] [stdout]   --> /opt/rustwide/cargo-home/registry/src/github.com-1ecc6299db9ec823/screenruster-saver-0.1.8/src/lib.rs:16:35
[INFO] [stdout]    |
[INFO] [stdout] 16 | #![cfg_attr(feature = "renderer", feature(mpsc_select))]
[INFO] [stdout]    |                                   ^^^^^^^^^^^^^^^^^^^^
[INFO] [stdout] 
[INFO] [stdout] 
[INFO] [stdout] error: aborting due to 7 previous errors
[INFO] [stdout] 
[INFO] [stdout] 
[INFO] [stdout] Some errors have detailed explanations: E0554, E0557.
[INFO] [stdout] 
[INFO] [stdout] For more information about an error, try `rustc --explain E0554`.
[INFO] [stdout] 
[INFO] [stderr] error: could not compile `screenruster-saver`.
[INFO] [stderr] 
[INFO] [stderr] To learn more, run the command again with --verbose.
[INFO] running `Command { std: "docker" "inspect" "0f9cf31fd5a864126278a97e4a0be5087935da8f7e2a0a6e2801de3151c55cff", kill_on_drop: false }`
[INFO] running `Command { std: "docker" "rm" "-f" "0f9cf31fd5a864126278a97e4a0be5087935da8f7e2a0a6e2801de3151c55cff", kill_on_drop: false }`
[INFO] [stdout] 0f9cf31fd5a864126278a97e4a0be5087935da8f7e2a0a6e2801de3151c55cff
